 is divided by p?
33
Let t be ((-20)/3)/((-20)/(-90)). Let z(q) = -q**3 - 4*q**2 + 4*q + 2. What is the remainder when ((-38)/(-10))/((-6)/t) is divided by z(-5)?
5
Let t(g) = 2*g**2 - 3*g - 4. Suppose 12*v + 477 = 1965. Let d = 182 - v. Calculate the remainder when d is divided by t(5).
27
Let l = -70 + 73. Suppose -21 - 3 = -l*k. Calculate the remainder when 13 is divided by -3 + 3 + k + -3 + 2.
6
Let m be (-2)/(6/(-51)) - 1. Suppose -2*p + 6 + m = 0. What is the remainder when (6/15)/(6/780) is divided by p?
8
Calculate the remainder when 380 - 0/(7 + (-11 - -3)) is divided by 71.
25
Let i(d) = -d**3 + 17*d**2 + 18*d + 2. Let c be i(18). Suppose -c*y + 288 = -12*b + 17*b, 5*b = -y + 289. What is the remainder when 226 is divided by b?
52
Let d(n) = -423*n - 1181. Calculate the remainder when 275 is divided by d(-3).
11
Suppose -37 = -5*b + 4*b. Let l = -656 - -755. Let d = 43 + l. Calculate the remainder when d is divided by b.
31
Let i be (-5 + (-112)/(-24))/(2/(-6)). Let t(g) = 22*g**2 - 19*g + 3. Calculate the remainder when 2/4 - 53/(-2) is divided by t(i).
3
Suppose 133*j - 76 = 69*j + 62*j. What is the remainder when 1359 is divided by j?
29
Calculate the remainder when ((-129 + -12)/(-1))/1 is divided by 27.
6
What is the remainder when 83 is divided by (-1)/(-5)*25 - (-44 + 1)?
35
Let b(o) = o**2 - 2*o - 10. Let v(k) = k + 20. Let a be v(-14). Let q be b(a). Suppose q*g - 688 = 6*g. Calculate the remainder when g is divided by 18.
14
Suppose -4*l = -6*o + 2*o - 32, -47 = -5*l - 2*o. Let i be -1*l/(-1) - 1. Suppose i*p - 76 = 4*p. What is the remainder when 53 is divided by p?
15
Let t = -164 - -298. Suppose -f - f + t = 0. What is the remainder when f is divided by 9 + 24 + (-105)/14 + (-1)/(-2)?
15
Let n(u) = 84*u + 4222. Calculate the remainder when 3225 is divided by n(-48).
185
Suppose 29*i + 4043 = 5174. What is the remainder when 1558 is divided by i?
37
Let y = 221 - 150. Let r = 147 - y. Let b = 120 - r. Calculate the remainder when b is divided by 12.
8
Let i = -409 - -446. Calculate the remainder when i is divided by (-316)/(-36) - (-2 - 16/(-9)).
1
Let u(c) = c**3 - 21*c**2 - 21*c - 18. Let m be u(22). What is the remainder when 154 is divided by 41/(m + -5 - -2)?
31
Let j(n) = n**3 + 5*n**2 - 3*n + 160. What is the remainder when j(0) is divided by 59?
42
Suppose -2*h - 207 = -3*a, 0 = 899*a - 904*a - 5*h + 345. What is the remainder when 8278 is divided by a?
67
Let m(k) = -26*k - 140. Let h be m(-6). Suppose -4*l + 58 = -w, 23 = 3*l - 3*w - h. Calculate the remainder when 118 is divided by l.
13
Let i(a) = 2*a**3 - 24*a**2 - 66*a - 1. Let k be i(-3). Let o(h) = -h + 81. Let u be o(0). Let f = u + k. What is the remainder when 15 is divided by f?
7
What is the remainder when 83 is divided by (-2323)/(-505)*(9 + 1)?
37
Calculate the remainder when 401 is divided by (-3)/(-9) - (-1356)/3*(-1)/(-12).
21
Suppose 411*t - 453*t + 20412 = 0. What is the remainder when t is divided by 7?
3
Let a be 6/(-2)*(1 - (-35)/(-21)). Suppose -7*o = -a*o - 40. Calculate the remainder when 54 is divided by o.
6
Let g(i) = 3*i**3 - 8*i**2 + 19*i - 15. Let n be 0/(-2) + (-6)/(-1). Calculate the remainder when g(n) is divided by 14.
11
Suppose 3*v = 4*k + 1082, -5*v + 3*k + 859 = -926. Calculate the remainder when v is divided by 351.
3
Let t(z) = z**3 + 31*z**2 + 30*z + 28. Let y be t(-30). Suppose n = -5*i - 14 - 3, -y = -n + 4*i. What is the remainder when 205 is divided by n?
5
Let o(m) = m**2 - 24*m + 3. Suppose 5*f - 20 = 0, -5*f + 12 = -2*d + 32. Let q be o(d). Let t = 90 + q. Calculate the remainder when t is divided by 4.
1
Suppose -4*l + 200 = -28. Suppose -2*c + 4*f = -36, 5*c + 4*f - 3*f = l. Calculate the remainder when 42 is divided by c.
6
Suppose 2*o = 152 + 170. What is the remainder when o is divided by (-9)/(((-1)/(-6))/((-17)/34))?
26
Let k = 3319 + -3268. Suppose 470 + 169 = 5*q - 4*m, -2*m = 3*q - 379. Calculate the remainder when q is divided by k.
25
What is the remainder when (102 - 99)/((-1)/(-216)) is divided by 318?
12
Let i(k) be the second derivative of -7/2*k**3 - 41*k + 17/2*k**2 + 0. Calculate the remainder when i(-2) is divided by 10.
9
Calculate the remainder when (-121 - -235) + 10*3/(-6) is divided by 0 + 2 + 0 - -20.
21
Let j(z) = -z**3 - 10 - 13 - 9 + 29 - 3 + 9*z**2 - 13*z. Calculate the remainder when (-33)/(-1)*(6 + -5) is divided by j(3).
6
Let j be (70/(-21) + 4)*9/(-6). What is the remainder when j/(-7) - (-11392)/224 is divided by 13?
12
Let c(f) = 1364*f**2 - 637*f - 637. Calculate the remainder when c(-1) is divided by 279.
248
Suppose 4*h = -14 + 86. Suppose -h*p = -19*p + 6. Calculate the remainder when 28 is divided by (-31)/(-2) - p/12.
13
Suppose -1603*y + 793*y = -801*y - 2088. What is the remainder when 931 is divided by y?
3
Suppose -6*f + 1097 = -1135. Let x = -361 + f. Calculate the remainder when 22 is divided by x.
0
Let h = -677 - -789. Calculate the remainder when 1903 is divided by h.
111
Let u(l) = 2*l**2 + 320*l + 2735. What is the remainder when (-1)/(-1) - 31*-2 is divided by u(-151)?
12
Let n be 5 - 3*10/15. Suppose -2*y - n*y - 15 = 0. Let v(k) = -2*k**3 - 5*k**2 - 2*k. What is the remainder when 73 is divided by v(y)?
13
Suppose -122*i = -132*i + 100. Let z(w) = w**3 - 10*w**2 + 3*w + 19. What is the remainder when 244 is divided by z(i)?
48
Suppose 8*b - 6*b + 0*b = 0. Let g be 56 + (-4 + b)/4. Suppose -4 + g = 3*n - 3*u, -2*n - 2*u = -14. Calculate the remainder when 21 is divided by n.
9
Let q be 843 - 0*1/(-3). Suppose -n = 5*w - 1059, -4*w + 3*n = 8*n - q. Suppose -z + 5*z = w. Calculate the remainder when z is divided by 18.
17
Let g(f) = 2*f**3 + 193*f**2 + 80*f + 64. Calculate the remainder when g(-96) is divided by 18.
16
Let f(i) = -8*i - 12. Let o be f(-9). Suppose -v = 4*w + 53, -3*w + 12 = v + o. Calculate the remainder when 110 is divided by (-3 - -1)*(v + 19).
26
Let d be (2 - 6)*(200/(-16) - -10). Calculate the remainder when 137 is divided by (276/8)/(5/d).
68
Let t(o) = 1088*o - 2463. Calculate the remainder when t(9) is divided by 156.
153
Suppose 12*q + 4*j - 101 = 7*q, -2*q + 2*j + 26 = 0. What is the remainder when 2479 is divided by q?
14
Let z(a) = 28*a**2 - 2*a + 2. Let p(c) = 15*c - 45. Let l be p(10). Let n be 252/l + -3*4/30. Calculate the remainder when z(n) is divided by 28.
26
Let v = -711 + 424. Let t = 318 + v. What is the remainder when t is divided by 5?
1
Suppose -3*o = 6 - 63. Let i = 157 + -70. Calculate the remainder when i is divided by o.
11
Let u = -3394 + 3658. Calculate the remainder when u is divided by 254.
10
Let s(b) = -6*b - 19. Let l(c) = 3*c**2 - 26*c + 98. What is the remainder when l(5) is divided by s(-6)?
9
Suppose d - 2 + 5 = -3*i, -3*i = 4*d - 15. Let f = 104 - 86. Suppose -f*h + 84 = 12. Calculate the remainder when d is divided by h.
2
Let b(q) = -4*q + 13. Let o(v) be the third derivative of v**5/20 + 5*v**4/24 + 7*v**3/2 + 7*v**2 + 1. Calculate the remainder when o(-6) is divided by b(-3).
24
Let c = -1565 - -2909. Calculate the remainder when c is divided by 52.
44
Let o = 20986 - 20926. Calculate the remainder when 882 is divided by o.
42
Suppose 65736 = -339*q + 505*q. What is the remainder when q is divided by 168?
60
Let b(s) = -130*s + 2708. What is the remainder when b(11) is divided by 10?
8
Suppose -38*p + 34 - 32 = -112. Suppose -4*w + w + 15 = 0. Suppose -5*m = w*x - 125, -6*x + 81 = p*m - 9*x. What is the remainder when 77 is divided by m?
25
Suppose 0 = -2*h - 3*y + 23, -h + 29 = h + y. Let s = 263 - 256. Let u(w) = w**3 - 8*w**2 + 19*w - 21. What is the remainder when u(s) is divided by h?
15
Let v(p) = 14*p**2 - 2*p - 44. Calculate the remainder when v(4) is divided by 46.
34
Calculate the remainder when 5 + ((-3)/(-18) - 10870/(-12)) is divided by 24.
23
Let x = 10 - 7. Let t(n) = 3 + 1 + 1 - 16*n + 14*n. What is the remainder when t(-1) is divided by x?
1
Let f be (-33)/(((-9)/(-6))/3 - -1). Let n be (f + 0/(-2))*44/(-8). Suppose -n*j - 19 = -122*j. Calculate the remainder when 53 is divided by j.
15
Let x = -308 + -142. Calculate the remainder when 237 is divided by ((-4)/10)/(30/x).
3
What is the remainder when (69/(-146) - (-172)/(-6278))*(-1992 - 0) is divided by 431?
134
Let z = -6520 + 